843 a composite number?
False
Is 198451 prime?
False
Is 168347 composite?
False
Is 3574651 prime?
False
Is 2927 prime?
True
Is 80309 composite?
False
Is 168733 a prime number?
False
Is 318671 prime?
True
Is 130109 a prime number?
False
Is 21481 a prime number?
True
Is 238267 a composite number?
False
Is 61331 a prime number?
True
Is 33119 composite?
False
Is 5039 a prime number?
True
Is 802823 prime?
False
Is 29383 prime?
True
Is 190083 prime?
False
Is 46595 a prime number?
False
Is 713891 composite?
False
Is 53527 a composite number?
False
Is 98317 a composite number?
False
Is 1087 prime?
True
Is 103691 prime?
False
Is 15961 composite?
True
Is 4593 a prime number?
False
Is 4283 prime?
True
Is 4271 composite?
False
Is 40615 a composite number?
True
Is 1793 prime?
False
Is 1601773 a prime number?
True
Is 43721 a prime number?
True
Is 881447 composite?
True
Is 23347 composite?
True
Is 389 prime?
True
Is 2863 prime?
False
Is 27611 composite?
False
Is 255443 prime?
True
Is 3967 prime?
True
Is 848119 a prime number?
True
Is 104207 a prime number?
True
Is 1369 a composite number?
True
Is 294566 prime?
False
Is 118529 a composite number?
False
Is 12821 prime?
True
Is 1691 a composite number?
True
Is 432359 a prime number?
True
Is 72955 a composite number?
True
Is 4633 a composite number?
True
Is 111659 a prime number?
True
Is 66901 a composite number?
True
Is 375209 prime?
True
Is 253826 a prime number?
False
Is 1408839 a composite number?
True
Is 40693 composite?
False
Is 420253 prime?
True
Is 1170599 a composite number?
False
Is 2399381 composite?
False
Is 21145 composite?
True
Is 18859 a composite number?
False
Is 521 a composite number?
False
Is 119329 composite?
True
Is 140387 a composite number?
True
Is 95605 prime?
False
Is 33793 composite?
True
Is 92654 prime?
False
Is 43115 a prime number?
False
Is 534629 prime?
True
Is 294383 prime?
True
Is 72129 a prime number?
False
Is 26227 a prime number?
True
Is 2328617 prime?
True
Is 539687 a composite number?
False
Is 415906 a prime number?
False
Is 7273 a prime number?
False
Is 28123 a composite number?
False
Is 12787 a prime number?
False
Is 836047 prime?
True
Is 2897 a prime number?
True
Is 535105 composite?
True
Is 16438265 composite?
True
Is 66083 composite?
False
Is 855331 a prime number?
True
Is 373 prime?
True
Is 287291 composite?
False
Is 19949 prime?
True
Is 761603 a prime number?
True
Is 374351 prime?
True
Is 61219 a composite number?
True
Is 18637 composite?
False
Is 14101 prime?
False
Is 49019 composite?
False
Is 32869 a composite number?
False
Is 6943 composite?
True
Is 95167 a prime number?
False
Is 14662 prime?
False
Is 3653 a prime number?
False
Is 134 a prime number?
False
Is 3857089 a composite number?
True
Is 1553597 prime?
True
Is 1069 a prime number?
True
Is 62459 prime?
True
Is 111 composite?
True
Is 76439 a composite number?
True
Is 8411 prime?
False
Is 202603 a prime number?
False
Is 169583 a composite number?
False
Is 131986 composite?
True
Is 6871283 a composite number?
False
Is 1673 composite?
True
Is 7069 a prime number?
True
Is 1085197 composite?
False
Is 635155 composite?
True
Is 57371 prime?
False
Is 526571 a composite number?
False
Is 17011 a composite number?
False
Is 32099 composite?
False
Is 129263 prime?
True
Is 29433 composite?
True
Is 15403 prime?
False
Is 526877 composite?
True
Is 10481 composite?
True
Is 734797 composite?
True
Is 523999 composite?
True
Is 158071 a composite number?
False
Is 203803 composite?
True
Is 75827 composite?
True
Is 153733 a prime number?
True
Is 38113 composite?
False
Is 13081 a composite number?
True
Is 733 a composite number?
False
Is 63509 prime?
False
Is 100743 a composite number?
True
Is 48299 a prime number?
True
Is 125065 composite?
True
Is 968515 a composite number?
True
Is 11185 a prime number?
False
Is 5147 composite?
False
Is 83089 a prime number?
True
Is 127373 composite?
False
Is 89047 prime?
False
Is 16597 a prime number?
False
Is 46219 a prime number?
True
Is 18079 composite?
True
Is 452549 a composite number?
False
Is 571173 a composite number?
True
Is 1264082 a prime number?
False
Is 662113 a composite number?
True
Is 22583 a prime number?
False
Is 345633 a composite number?
True
Is 54463 a composite number?
True
Is 34009 prime?
False
Is 11351 composite?
False
Is 1633 prime?
False
Is 28117 prime?
False
Is 17669 prime?
True
Is 246971 composite?
False
Is 21439 a prime number?
False
Is 3907 composite?
False
Is 237434 a prime number?
False
Is 203173 composite?
False
Is 328753 a composite number?
False
Is 1801 composite?
False
Is 13951 a composite number?
True
Is 6521 a prime number?
True
Is 309503 a composite number?
False
Is 15277 composite?
False
Is 317 composite?
False
Is 24989 prime?
True
Is 10561 a composite number?
True
Is 8779 a composite number?
False
Is 587 composite?
False
Is 165779 a prime number?
True
Is 36745 a composite number?
True
Is 6043 a composite number?
False
Is 8419 prime?
True
Is 606407 a composite number?
True
Is 5051 a prime number?
True
Is 15527 a prime number?
True
Is 146147 prime?
False
Is 450326 prime?
False
Is 75631 composite?
True
Is 6689 prime?
True
Is 391269 prime?
False
Is 2333 prime?
True
Is 32917 composite?
False
Is 91634 composite?
True
Is 379 prime?
True
Is 338591 a prime number?
False
Is 197203 composite?
False
Is 16811 a prime number?
True
Is 32633 composite?
False
Is 14369 a composite number?
False
Is 306821 a prime number?
True
Is 312757 prime?
True
Is 52051 composite?
False
Is 25867 prime?
True
Is 104881 composite?
True
Is 13343 prime?
False
Is 89153 composite?
False
Is 3419 prime?
False
Is 7939 prime?
False
Is 88093 prime?
True
Is 55381 a composite number?
False
Is 196195 a composite number?
True
Is 36973 composite?
False
Is 62367 a prime number?
False
Is 240941 prime?
False
Is 358181 composite?
False
Is 8097 composite?
True
Is 56162 a prime number?
False
Is 1394249 composite?
True
Is 74563 a prime number?
False
Is 43294 composite?
True
Is 53147 a composite number?
False
Is 18269 composite?
False
Is 86551 prime?
False
Is 105139 prime?
False
Is 257489 prime?
True
Is 95101 prime?
True
Is 1824917 composite?
False
Is 14369 a prime number?
True
Is 8563 composite?
False
Is 8473 a composite number?
True
Is 893051 a composite number?
False
Is 4373 a composite number?
False
Is 5899 prime?
False
Is 39079 prime?
True
Is 3254 a composite number?
True
Is 3643 composite?
False
Is 602879 prime?
False
Is 22739 composite?
False
Is 195967 a prime number?
True
Is 22 a composite number?
True
Is 13217 a composite number?
False
Is 136447 composite?
False
Is 46994 composite?
True
Is 96553 a composite number?
False
Is 14951 composite?
False
Is 3259 a prime number?
True
Is 377 composite?
True
Is 242401 a prime number?
False
Is 104033 composite?
False
Is 19553 a composite number?
False
Is 409121 a prime number?
True
Is 45247 a prime number?
True
Is 14621 composite?
False
Is 611 a composite number?
True
Is 168989 prime?
False
Is 53182 prime?
False
Is 5293 a composite number?
True
Is 50849 prime?
True
Is 48707 composite?
True
Is 285997 composite?
False
Is 22733 a prime number?
False
Is 34555 composite?
True
Is 1205359 prime?
False
Is 87053 a composite number?
True
Is 2294209 composite?
False
Is 12761 a composite number?
True
Is 88463 a prime number?
True
Is 151007 a composite number?
False
Is 952118 a composite number?
True
Is 1168907 a prime number?
False
Is 1535 a composite number?
True
Is 427187 a prime number?
False
Is 17603 a composite number?
True
Is 4507 composite?
False
Is 153719 prime?
True
Is 254693 a prime number?
False
Is 575987 a composite number?
False
Is 140159 a prime number?
True
Is 13997 composite?
False
Is 32749 prime?
True
Is 1847 prime?
True
Is 13385 composite?
True
Is 359169 a composite number?
True
Is 64217 a composite number?
False
Is 53241 a prime number?
False
Is 34735 composite?
True
Is 14909 a composite number?
True
Is 49297 a composite number?
False
Is 50359 composite?
False
Is 651089 a composite number?
True
Is 700277 composite?
False
Is 247 composite?
True
Is 90947 composite?
False
Is 701 a prime number?
True
Is 16871 prime?
True
Is 312397 a composite number?
False
Is 28751 composite?
False
Is 147851 a composite number?
True
Is 26665 composite?
True
Is 41467 prime?
True
